 d**2 + 0*d + d**3 + 0*d**2 - 10 + d. Let a be u(5). Let z(o) = -o + 62. What is the units digit of z(a)?
2
Let f = -174 + 176. What is the hundreds digit of 14/(-6) + f - (-3088)/12?
2
Let q = 18031 + -5355. What is the ten thousands digit of q?
1
Suppose 2*i + 31 = 255. Let w be i/(-20) + (-8)/20. What is the units digit of (w/4)/((-27)/1224)?
8
Suppose -16 = -4*f, -28978 = -2*x - 3*x - 2*f. Suppose -14*o = 964 - x. What is the units digit of o?
5
Let c = -121 + 125. What is the units digit of ((-3112)/(-32))/(c/16)?
9
Let k be (-4)/(-14) - 69/21 - -877. Let u = k + -395. What is the units digit of u?
9
Suppose 0*a - 4*z = 5*a - 136, 0 = -2*a + 4*z + 32. Let n be (-4)/a*-316*3. Suppose -10*o = -n - 52. What is the units digit of o?
1
Let o = 280 - 275. Suppose 0 = f - l - 25, o*l - 2 + 7 = -f. What is the tens digit of f?
2
Suppose 7*f + 5*y + 57 = 4*f, 0 = -f + 4*y - 36. What is the hundreds digit of (-18)/10*2120/f?
1
Suppose 4*k + 5*v - 39158 = 50977, 4*k = 5*v + 90065. What is the tens digit of k?
2
Suppose l = 5*j - 7, -5*l - 15 = 4*j - 67. Suppose -3*h + l = -4. Suppose -f = -5, -h*f + 22 = 3*g - 2*g. What is the units digit of g?
2
Let h(x) = -5 + 12 - 2*x - 3*x + 3*x. Suppose j + 7 = -4*g, -16 = 5*g - 8*g - 5*j. What is the units digit of h(g)?
3
Let z be -1*(-1 + 1 - 2372). Suppose 37*y = 535 - 17. What is the units digit of 4/y + z/28?
5
Let z be ((-214)/(-6))/(((-36)/(-4))/27). Let u = 1588 - z. What is the tens digit of u?
8
Suppose 379 = -5*w + 4*f, -f + 5 = -5*w - 386. Let z = 81 + w. Suppose -z*a + 1 - 3 = 0, 2*m - 353 = a. What is the tens digit of m?
7
Let a be 8/(-80) + 4/40. Suppose 3*p - 252 = 3*r, -4*p - 4*r + 165 + 171 = a. What is the tens digit of p?
8
Let o be (-2)/(-16)*9 + (-32)/256. Let i(a) = 687*a**2 + 3*a - 1. What is the tens digit of i(o)?
8
What is the tens digit of ((-516)/10)/(2164/(-540) - -4)?
6
Let z(i) = 19*i**2 - 710*i - 338. What is the tens digit of z(73)?
8
Let k = -316 + 342. Let c(u) = 3*u + 124. What is the hundreds digit of c(k)?
2
Let t be (2/(-4))/((-4)/(-448)). What is the units digit of 1636/10 + 5 + t/10?
3
Let t = -57 - -74. Let u = t + -21. What is the units digit of -2 - (-6 - (u + 2))?
2
Let o be 24/(-10)*(-2200)/60. Let a(k) = -k**3 + 10*k**2 - 7*k + 6. Let i be a(6). Suppose 2*b = i + o. What is the units digit of b?
8
Let x be ((-2)/5)/((-150)/409875). What is the thousands digit of -23 + 18 + (2 + x - 0)?
1
Let a = -12 - -14. Let c(x) = x. Let l be c(a). Suppose -832 = -4*g - 2*m, 0 = l*g - 0*g + 2*m - 414. What is the units digit of g?
9
Let x = -2 - -2. Suppose 752 = 2*d + 3*i, -6*d + 2*i = -7*d + 376. Suppose 4*r - 4*z = d, 0*z - 2*z + 4 = x. What is the tens digit of r?
9
Suppose 72*a - 148*a + 72*a + 16120 = 0. What is the tens digit of a?
3
Suppose 3389 - 165 = 4*p. Suppose -2*b = -3*q + p, -4*b = 3*q - 923 + 141. What is the hundreds digit of q?
2
Suppose -3*v = -4 - 2. Suppose k - p = 4*p + 274, -3*p - 576 = -v*k. What is the units digit of k?
4
Let x(u) = -u**3 - 3*u**2 - u - 39. Let c be x(-5). Let j(w) = -w**2 + 29*w - 47. What is the units digit of j(c)?
1
Let o = 101 + -97. Let m be -215*((-6)/o - (-1)/2). Suppose -m = -6*h + 259. What is the tens digit of h?
7
Suppose 0 = 5*b - 541 + 1691. Let f be (-10 + 441 - 5) + 8. Let p = b + f. What is the hundreds digit of p?
2
Let f = -57 - -177. Suppose -5*h + f + 145 = 0. Suppose q + i = 25, 0 = -6*q + 4*q - i + h. What is the units digit of q?
8
Let o(v) = 8*v. Let t be o(3). Let d = t - -3. Suppose 13*x - 12*x - d = 0. What is the units digit of x?
7
Let u = 27147 - -8192. What is the hundreds digit of u?
3
Let y be 2/3 - (104/(-12))/(-1). Let n = y + 10. What is the units digit of 0 + -2 + 1 + n + 7?
8
Let d(m) = -16 + 82*m + 18 + 17 + 18*m + 85*m. What is the tens digit of d(3)?
7
Let v(x) be the first derivative of 11*x**2/2 + 8*x + 4. Let g be v(-3). Let u = g + 47. What is the units digit of u?
2
Suppose -u - 7595 = -2*p - 2464, 4*p + 2*u = 10282. Let y = p + -1406. What is the tens digit of y?
6
Let d(h) = 18*h**2 + 6*h - 11. Suppose m - 4*b = -3*m - 36, m - 11 = -4*b. What is the units digit of d(m)?
9
Let m(d) = 147*d - 9. Let x be m(1). Let j = x + 363. What is the hundreds digit of j?
5
What is the tens digit of ((-846)/3)/(27 - 33)?
4
Let l = 175 + -173. What is the units digit of (((-672)/20)/l)/(2/(-30))?
2
Suppose -62*p - 178*p = -12386605 + 3728605. What is the ten thousands digit of p?
3
Let k = 69 + -42. Suppose 5*z + 3*m - k = 0, -5*z + 31 = 2*m - 3*m. Suppose -3*d - 5*i = -68, z*d - i = d + 76. What is the tens digit of d?
1
Suppose -44*n - 45*n - 127393 = -96*n. What is the hundreds digit of n?
1
Let o be 6 + (2 - 6) + -5 + 151. Let s = o - -656. What is the units digit of s?
4
Let q(g) = -3*g**2 + 11*g + 125. Let d be q(-7). Let r = d - -586. What is the units digit of r?
7
Suppose a + 3*q = -4*a + 21, 0 = -2*a - 3*q + 3. Suppose -a*g = -58 - 296. What is the tens digit of g?
5
Let x be (-18)/(-7) - (-24)/56. Suppose -x*y - 3 = -4*c + 8, 3*y - 3*c + 6 = 0. Suppose -690 = -y*k - 186. What is the hundreds digit of k?
1
Suppose -200*t - 413334 = -218*t. What is the thousands digit of t?
2
Suppose 2*v + 11 = 3*m, 3*m - 15 = -2*m. Let z be 5 - (10 + -3) - v. What is the tens digit of (z/1 - -7)/(2/61)?
8
Let j be -14 - -17 - (-13)/(-1). What is the units digit of 63427/205 + 0 + 4/j?
9
Let z = 560 + -560. Suppose -11*v + 491 + 59 = z. What is the tens digit of v?
5
Suppose 6*n - 10*n = -1568. Let c = n - -699. What is the hundreds digit of c?
0
Let s be (-1)/(-6) - (-4 - (-6)/36). Suppose -23 + 611 = s*p. Suppose -p = -h - 2*t, -5*t + 441 = 3*h - 9*t. What is the tens digit of h?
4
What is the thousands digit of (-200)/((7/(-196))/((-98)/(-8)))?
8
What is the thousands digit of (24104/5 - -1) + (-384)/480?
4
Suppose -3 = -5*l + 12. Suppose 81 = 2*q - l*q. Let r = 20 - q. What is the units digit of r?
1
Let f(n) = -327*n + 11386. What is the tens digit of f(27)?
5
Let h(g) = -2*g**2 + 44*g + 11 - 13*g + 3*g. What is the units digit of h(15)?
1
Suppose -2*f + 3*a = -f + 16, -64 = 4*f + 5*a. What is the hundreds digit of (-523)/(-4) + (28/f - -2)?
1
What is the ten thousands digit of (-406)/28 - -14 - 51159/(-2)?
2
Suppose -5336 - 1405 + 1579 = -58*c. What is the tens digit of c?
8
Let t(r) = 59980*r**2 + 2*r + 4. What is the ten thousands digit of t(-1)?
5
Suppose -8*i + 8*i = 29*i. Suppose -39*w + 29603 + 2143 = i. What is the units digit of w?
4
Let c = 30 + -38. Let r(l) = -l**2 - 9*l + 6. Let h be r(c). Let g = 43 - h. What is the tens digit of g?
2
Suppose 13*x - 9*x - m = 58, 0 = -4*m - 8. Suppose -12*w = -x*w + 144. What is the tens digit of w?
7
Suppose -w = 2*l - 8, 5*l - 18 - 2 = 5*w. Suppose 0 = -2*y - 3*q + 1603, -7*y + 8*y - l*q - 807 = 0. What is the tens digit of y?
0
Let h = -11327 + 12490. What is the tens digit of h?
6
Let x = 79817 + -28145. What is the ten thousands digit of x?
5
Let b(r) = 17*r + 63. Let z be b(5). Let g = 212 - z. What is the tens digit of g?
6
Suppose 112*m = 1401568 + 1311790 + 818338. What is the hundreds digit of m?
5
Let s = 281 - 277. Suppose 0*t + 5*t = 4*j - 7809, s*t - 5849 = -3*j. What is the hundreds digit of j?
9
Let b(d) = 44*d + 1. Let h = -48 - -51. Let o be b(h). Let n = o - -4. What is the units digit of n?
7
Suppose 3*l = 12*l + 450. Let g = l - -55. Suppose 245 = g*q - 230. What is the units digit of q?
5
Suppose -w = -2*x - 12, -62*x = 5*w - 66*x - 36. Suppose -7*r = -4*r + 5*u - 2971, -w*r + 3*u = -3942. What is the units digit of r?
7
Suppose 9*u - 31187 = -3*k + 5*u, -3*k + 31222 = -u. What is the thousands digit of k?
0
Let x(o) = 7*o**2 - 416*o - 25. What is the units digit of x(-35)?
0
Let m be ((3 - 2)*10/2)/1. Suppose -2*u + m*u = 849. Suppose r = 4*n - 2*r - u, -5*r = -15. What is the units digit of n?
3
Let j(y) = -y**3 + 8*y**2 - 6*y + 8. Let k be j(7). Let h be (-4 + 50/k)*-51. Let s = -16 + h. What is the tens digit of s?
1
What is the ten thousands digit of 2/(-21) + -6 + 2961856/168 + -9?
1
Suppose -2*b + 3*p = -11082, 4*p + 458 = 2*b - 10628. What is the hundreds digit of b?
5
Let n(s) be the second derivative of s**4/12 - s**3 - 31*s**2/2 + s - 2. What is the tens digit of n(-8)?
8
Let v(x) = -5*x + 4. Let y(a) = a**2 + 9*a + 8. 